 of 244197788 and 1240?
124
What is the highest common factor of 1058477 and 38181?
89
What is the greatest common factor of 285 and 234105365?
95
Calculate the greatest common divisor of 56 and 65345644.
28
What is the highest common divisor of 848612 and 1216424?
2404
Calculate the highest common divisor of 1172 and 21390172.
1172
What is the greatest common divisor of 190 and 92590?
10
Calculate the highest common factor of 124968 and 1681656.
984
Calculate the greatest common factor of 60907408 and 28327.
2179
What is the greatest common factor of 280 and 26838040?
40
Calculate the highest common divisor of 1325 and 12313225.
1325
What is the highest common divisor of 6781691 and 833?
119
What is the greatest common divisor of 105216 and 373344?
96
Calculate the greatest common divisor of 499168 and 152.
152
What is the greatest common divisor of 18010 and 845?
5
What is the highest common factor of 4572 and 41366313?
1143
What is the highest common divisor of 16036 and 14126044?
76
What is the greatest common factor of 43364937 and 1388?
347
What is the greatest common factor of 42211 and 5186987?
2483
What is the greatest common divisor of 15995750 and 2935?
2935
What is the greatest common factor of 4517406 and 2250?
18
Calculate the highest common factor of 306881280 and 9600.
1920
Calculate the highest common factor of 88548 and 8007.
471
What is the highest common divisor of 195486557 and 301?
301
What is the greatest common divisor of 66892635 and 38?
19
What is the greatest common factor of 794915 and 270436?
97
What is the greatest common divisor of 1566 and 3574098?
54
What is the highest common divisor of 1476898 and 1325?
53
Calculate the greatest common factor of 108444427 and 21112.
2639
What is the greatest common divisor of 1423281 and 93?
3
Calculate the greatest common factor of 77165159 and 420920.
10523
Calculate the greatest common factor of 25438 and 1308398.
1106
What is the greatest common divisor of 20892 and 12484?
4
Calculate the greatest common divisor of 1736 and 19848432.
248
What is the greatest common divisor of 3820062 and 10281?
447
Calculate the highest common divisor of 3494027 and 39151.
799
What is the highest common factor of 1216073999 and 14?
7
Calculate the greatest common divisor of 16176 and 282576.
48
What is the greatest common divisor of 27868547 and 8253?
917
What is the greatest common divisor of 3861 and 2422849?
143
Calculate the highest common divisor of 5640 and 347948520.
5640
Calculate the highest common factor of 11 and 146048353.
11
What is the highest common divisor of 882 and 8804106?
18
Calculate the greatest common divisor of 30 and 30813870.
30
What is the greatest common divisor of 74151 and 409563?
693
Calculate the highest common factor of 866602 and 9152.
22
What is the greatest common factor of 1587700 and 8050?
50
What is the greatest common factor of 174 and 4983824?
58
Calculate the highest common factor of 47058489 and 567.
81
Calculate the highest common factor of 384690 and 685.
5
What is the greatest common factor of 4837383 and 36225?
207
Calculate the greatest common factor of 98335278 and 3006.
3006
What is the highest common divisor of 4961811 and 74?
37
Calculate the greatest common divisor of 70249616 and 301.
43
Calculate the highest common factor of 19 and 200028827.
19
What is the greatest common factor of 117 and 3063627?
9
What is the highest common factor of 65 and 14185080?
65
What is the highest common divisor of 5119339 and 94?
1
What is the highest common factor of 1118 and 3059450?
86
Calculate the highest common divisor of 80 and 254090.
10
Calculate the greatest common factor of 63117757 and 15463.
2209
What is the greatest common factor of 1274580 and 105?
15
Calculate the greatest common divisor of 53189598 and 726.
66
Calculate the highest common factor of 8512060 and 480.
20
Calculate the greatest common divisor of 232200 and 1818000.
1800
Calculate the highest common factor of 325824534 and 6.
6
What is the greatest common divisor of 577320 and 1920?
120
Calculate the greatest common divisor of 362251 and 206.
103
Calculate the highest common divisor of 21907074 and 630.
42
What is the greatest common factor of 185765 and 47435?
265
Calculate the highest common divisor of 170096262 and 852.
426
What is the greatest common factor of 832256 and 1221632?
256
Calculate the greatest common divisor of 3168 and 1105254.
18
Calculate the highest common divisor of 10378135 and 14736.
307
Calculate the greatest common factor of 203705526 and 68.
34
Calculate the greatest common divisor of 1306088 and 42.
14
What is the highest common factor of 6928 and 532157?
433
What is the greatest common factor of 17544 and 815016?
24
Calculate the greatest common factor of 999 and 65147787.
999
Calculate the greatest common factor of 810 and 25548210.
810
What is the greatest common factor of 14604271 and 99?
11
Calculate the greatest common factor of 54461715 and 2310.
1155
What is the greatest common divisor of 4113373 and 33?
11
What is the greatest common divisor of 3611 and 2437333?
23
Calculate the highest common divisor of 133320 and 110550.
330
Calculate the highest common factor of 28 and 8301363.
7
What is the highest common factor of 1725 and 294355725?
1725
What is the highest common factor of 12014802 and 1548?
774
Calculate the greatest common divisor of 6034 and 488446.
14
What is the highest common divisor of 68 and 23785193?
17
What is the highest common factor of 570579 and 43521?
267
Calculate the highest common factor of 6125 and 100497250.
875
What is the highest common factor of 455 and 2096760?
5
Calculate the greatest common divisor of 34 and 1136047202.
34
What is the highest common divisor of 62728 and 872?
8
What is the highest common factor of 284 and 119864401?
71
What is the highest common factor of 12192 and 705612?
1524
What is the greatest common divisor of 1381616 and 32?
16
Calculate the greatest common divisor of 4028650 and 195227.
197
What is the highest common divisor of 2162299 and 25461?
943
What is the highest common divisor of 71892 and 164988?
36
What is the highest common factor of 1365876 and 948?
12
Calculate the highest common factor of 172313900 and 5500.
1100
Calculate the greatest common divisor of 226565060 and 592.
148
What is the greatest common divisor of 14208 and 250032?
48
Calculate the greatest common divisor of 466272 and 1476.
36
Calculate the greatest common divisor of 1528958649 and 1587.
1587
What is the highest common divisor of 10401 and 191766704?
3467
Calculate the greatest common divisor of 17 and 514316861.
17
Calculate the highest common factor of 669116 and 5198.
46
Calculate the greatest common factor of 137 and 12213961.
137
What is the greatest common factor of 2491176 and 11730?
138
Calculate the highest common factor of 58523542 and 22.
22
Calculate the highest common factor of 15 and 16569990.
15
What is the highest common divisor of 254 and 1239040067?
127
Calculate the highest common divisor of 178709 and 130961.
173
What is the greatest common divisor of 951797 and 1219603?
3619
Calculate the greatest common factor of 11298 and 78337911.
807
Calculate the highest common factor of 692530 and 13570.
230
Calculate the greatest common factor of 595561 and 6625.
53
What is the highest common factor of 11 and 55753379?
11
What is the highest common divisor of 722 and 93800796?
722
What is the highest common factor of 2516 and 6801292?
68
What is the greatest common factor of 1565276183 and 19?
19
What is the highest common factor of 47393617 and 214?
107
What is the greatest common factor of 15148 and 2095954?
14
What is the highest common divisor of 2102586 and 846?
6
What is the greatest common divisor of 5177 and 373333?
31
What is the highest common factor of 11779926 and 6?
6
Calculate the greatest common factor of 137845406 and 248.
62
What is the highest common factor of 62268 and 2352?
12
Calculate the highest common factor of 290 and 182590.
10
Calculate the highest common divisor of 6 and 1892486.
2
What is the greatest common factor of 8 and 74587?
1
What is the greatest common divisor of 384 and 25244992?
64
Calculate the greatest common factor of 1265671800 and 30.
30
Calcu